276, 4*w - 12 = 0. Let b = a + 13047. Is b prime?
True
Suppose 13125576 + 24823488 = 24*u. Is u a prime number?
True
Suppose 127*l + 17772084 = 325*l. Is l prime?
False
Let v(h) = -6*h**3 - h**2 - 5*h - 1. Suppose -5*u - 3*z = 414, -2*u + 94 = -3*u + 5*z. Let p = u - -82. Is v(p) composite?
False
Let f(d) = 132019*d**3 + d**2 + 6*d - 7. Is f(1) a prime number?
True
Suppose -3081131 = -2*r - 5*j, -5*r + 6101612 + 1601317 = -2*j. Is r composite?
True
Let y = 45373 + -9661. Suppose 0 = -o - 7*o + y. Suppose 0 = 2*z + 3*w - 14918, -z + o + 3013 = -3*w. Is z a composite number?
True
Suppose 89448 = j - c, 4*j + 5*c - c = 357752. Is j a composite number?
False
Suppose -2*z - z + m = 9858, 2*z + 5*m + 6572 = 0. Let q = 5465 + z. Suppose -5*g + q = -2356. Is g a prime number?
True
Let p(v) = 49*v**2 - 137*v + 3749. Is p(-120) a prime number?
True
Suppose 0 = -4*w + 4*v - 5704, 134 = 3*w + 2*v + 4402. Is ((-90)/8)/(4/w) + 2 a prime number?
True
Let z be 11/22 - (0 + (-98478)/4). Let o = z - -2309. Is o prime?
False
Let x = -29368 + 41549. Is x a prime number?
False
Let m(r) = r + 16. Let k be m(-6). Let q(o) = 6*o**3 - 5*o + 9. Let p be q(k). Suppose -g = g + 2*y - 2392, -p = -5*g + 2*y. Is g prime?
True
Let t = 400656 + -226067. Is t composite?
True
Suppose -2*r = 2*z - 988, -2*r + 761 + 233 = 4*z. Let l = -84 - -174. Let u = r - l. Is u a composite number?
False
Suppose 6165*z - 6163*z + 857590 = 4*j, 3*z = -4*j + 857555. Is j a prime number?
False
Suppose d - 6*a = -a + 8, -a = -3*d - 18. Is (3549504/98)/6 - 3/d a prime number?
True
Let m = 26415 - 12256. Is m a prime number?
True
Let v(f) = 105*f + 37. Let z be v(7). Is (-609)/56*(-8)/12*z a prime number?
False
Suppose -3 = 3*z + 12, 4*z = 4*c - 4. Is (0 + c/6)/((-8)/17772) a composite number?
False
Suppose -3*l + 3*f = 42222, 0*l - 5*f + 42226 = -3*l. Let j = 36339 + l. Is j a composite number?
True
Let u = 588986 + -279045. Is u composite?
True
Let o be 4/(-10) - 394456/(-40). Suppose -11*c + o = -3328. Is c a prime number?
False
Suppose 1593213 = 3*r - a, 2*r = 4*a + 240418 + 821704. Is r a prime number?
False
Let i be 4278/21 + 12/42. Let f(o) = -41*o - 19 - i*o - 59*o. Is f(-5) a composite number?
True
Suppose 0 = -4*y + 44 - 356. Let p = y - -87. Is (1338/(-8))/(2 - p/4) a composite number?
True
Suppose 2*o + 3*b = 39, 6*o + 2*b = 5*o + 22. Suppose 0 = -o*g + 19*g - 21. Let z(t) = 108*t**2 - t - 10. Is z(g) a composite number?
True
Suppose -18*w = 31*w - 65*w + 4858960. Is w composite?
True
Let g(d) = 7*d - 23. Let i be g(-4). Is (-326151)/i - 12/102 composite?
True
Let j(a) = 6594*a**2 + 3*a + 1. Is j(-2) a composite number?
False
Let n = -79 - -468. Suppose -k + n = 37. Is k/2 - ((2 - 0) + -3) a prime number?
False
Let x be (4 - (-15)/(-5)) + 44. Let b = x - 45. Suppose b = 6*y - 3*y - 429. Is y composite?
True
Let h = -7 + 7. Suppose 6*c - 11*c - 150 = h. Is 596/10 - (-18)/c a composite number?
False
Is 5*(-3)/3*(-6774398)/170 prime?
True
Suppose -15*j = -13*j + 72. Let k = 102 + j. Suppose 0 = k*v - 72*v + 654. Is v a prime number?
True
Suppose -11*u + 20 = 1593. Let r = u + 2046. Is r composite?
True
Suppose 5*i = -3*p + 29, -p + 7*i - 13 = 3*i. Let y be (p/9)/((-4)/24). Is ((-36)/16 - y)*-4 - -1370 prime?
False
Suppose -q - 1 = g, -3*g + 13*q - 11*q = -12. Suppose -g*n + o = 6*o - 10407, -2*n - 3*o + 10397 = 0. Is n a prime number?
False
Let x(g) = -9332*g - 1429. Is x(-9) a prime number?
True
Suppose 46 = 5*a + 31. Suppose 3*i - 6 = 0, -4*m - a*i - 3091 = -5*m. Is m a composite number?
True
Suppose -4*l + 3*l + 4*f - 18 = 0, 5*l = -3*f - 44. Let k be ((-6)/15)/(-1) + (-1756)/l. Suppose 6*a - 268 - k = 0. Is a prime?
False
Let g = -1395 + 5316. Suppose -2746 = 5*z + 864. Let q = g + z. Is q prime?
False
Let v = -201560 - -288919. Is v prime?
True
Is ((-1)/(-9) + 584/(-1314))/(4/(-3587916)) a composite number?
False
Let x(c) = c**3 + 6*c**2 - 7*c + 22. Let w be x(-7). Suppose -21*s + w*s - 533 = 0. Is s prime?
False
Let a = 6083 + 498. Is a prime?
True
Let c = 132782 + -65749. Is c prime?
True
Suppose -3*u + 51047 = 4*q, -4*q = -3*u + 33315 + 17764. Is u prime?
True
Let t(y) = -769*y + 2. Let b(r) = -1. Let h(a) = -6*b(a) - t(a). Let v be h(2). Suppose 4*z = v + 830. Is z a composite number?
False
Let m(t) be the second derivative of 4*t**3/3 + t**2/2 - 2*t. Let o be m(-1). Is 609 + (-3 - o/1) a prime number?
True
Suppose 0 = -10*g + 11*g - 4. Let w be (-8)/(-6)*6/g. Suppose 3*d - 4*s = -d + 1192, w*s = -10. Is d a composite number?
False
Suppose 0 = -4*y - 90809 + 27437. Is y/(-27) - 24/(-108) prime?
True
Suppose 1408281 = 2*b - 5*h, 80*b - h = 81*b - 704158. Is b a prime number?
True
Let u be 13*(-9 + 6 - -2). Let i(z) = 8*z**2 + 27*z + 206. Is i(u) a prime number?
False
Let d(h) = 6*h**2 - 2*h + 9. Let f = 57 + -60. Let r = f - -8. Is d(r) prime?
True
Let u = -22953 - -9233. Let x = u + 23621. Is x a prime number?
True
Let q(o) = 3679*o**2 + 80*o - 733. Is q(6) composite?
True
Suppose -3*s = 598 - 2125. Suppose -l - 7 = 5*p, l + 8*p - 2 = 6*p. Suppose s + 987 = l*f. Is f a prime number?
False
Suppose g = 4*o - 992120, 4*g + 342472 = 2*o - 153602. Is o a prime number?
False
Let q = -101903 - -193770. Is q a prime number?
True
Let o be (-143914)/(-12) - 23/(-138) - -1. Suppose o = 6*i - 2*i - y, 5*y + 11986 = 4*i. Is i a composite number?
False
Let p(k) = 75*k + 13. Let w be p(1). Suppose 72*l - w*l = -226288. Is l a composite number?
False
Suppose -q = 3*h - 189582, 126418 = 10*h - 8*h + 4*q. Is h a composite number?
True
Let k(j) = 41087*j**2 + 1827*j - 7. Is k(-8) prime?
False
Let l(p) = 10*p**2 + 3*p. Suppose -5 + 14 = -3*x. Let w be l(x). Suppose -5*h = z - 102, -3*h - z = h - w. Is h composite?
True
Suppose 13*p - 15*p = 4. Is ((0 - -18935) + p)/3 a prime number?
True
Is (214 + -216)/(4/(-498034)) a prime number?
True
Suppose 2*w + 1870 + 2024 = 0. Let k be (-61)/(-61) + (4 - -1). Is (-1)/(k/w)*2/1 composite?
True
Let d(j) = 1532*j. Let h = 24 + -23. Let i be d(h). Suppose 4*v + 2*z + 0*z = i, -2*z + 1913 = 5*v. Is v composite?
True
Let n(b) = b**2 - 18*b - 5. Let g be n(18). Let c(x) = -3*x**3 + 8*x**2 + 5*x + 1. Is c(g) a prime number?
False
Let y(x) = x**2 + x - 15. Let c be y(-5). Suppose -c*k = 4*l - 31221, 11094 + 12278 = 3*l - 5*k. Is l a prime number?
False
Suppose 364*g - 377*g + 7982897 = 0. Is g a composite number?
True
Let v be (-29 - -8)/(-2 - 0 - 1). Is (6 - 7) + v + 7510/2 composite?
False
Let i = -47 - -50. Suppose -5*v - 23434 = 2*j, 7*j - 4*j - i*v + 35130 = 0. Is 30/(-12)*(j/10 + -2) a composite number?
True
Let b be -33 - ((-7 - -5) + 0 + 2). Let o = b + 37. Suppose -4*d = -o*f - 7662 - 1062, -4*d + 8720 = -2*f. Is d a composite number?
False
Suppose -47579 = -2*l + t, -2*l - 5*t = 2*l - 95165. Suppose -6801 = 3*i - l. Is i a composite number?
True
Let s(g) = g**3 + 28*g**2 + 6*g + 41. Let j be s(-26). Let q = -704 + j. Is q composite?
True
Suppose -4 = 2*g + 5*a + 17, -10 = 2*a. Suppose 3*d + 1977 = g*d. Is (d/(-27) + 4/(-18))*5 prime?
False
Let z(y) = -47*y**3 - 5*y**2 + 15*y + 43. Let m(f) = 23*f**3 + 3*f**2 - 8*f - 22. Let u(a) = -7*m(a) - 3*z(a). Is u(-8) composite?
True
Suppose 0 = 104*c - 94*c - 140. Is ((-177)/(-3))/(c - 13) composite?
False
Let w be (525/(-18))/(-35) + 25/6. Suppose -2*z = -4*n + 19242, 3*n = w*n - 3*z - 9619. Is n a prime number?
False
Let y = 136 - 139. Is ((237966/18)/17)/((-1)/y) a composite number?
False
Is 37869/4 - 20/80 a prime number?
True
Is ((-22)/(-308)*7)/((-1)/(-7382)) a prime number?
True
Let g = -31 + 33. Suppose -5*t + 18 = -3*c, 6*t = g*t + 12. Is 0 + c + 903 + -15 a prime number?
True
Let m be -5 + (34 - 13197)*(-1 - 0). Let w = m - 7235. Is w a prime number?
True
Suppose -20*a + 50 = -110. Let p(v) = 3*v**3 - 14*v**2 + 16*v + 1. Is p(a) a composite number?
False
Suppose -76*u + 146049 = -866195. Is u a composite number?
True
Let j(q) = -10025*q - 7. Let b be j(-5). Let m = b - 4663. Is m composite?
True
Suppose 38*c - 24296440 = 550962. Is c a composite number?
False
Suppose 0 = -z + j + 751, -j - j + 4 = 0. Suppose -5*n + 3785 = 5*c, -4*n + 3*n = -c - z. Is n a prime number?
False
Suppose i = -24 + 28. Suppose i - 1 = v. Suppose -p = 4*t - 626, v*t - 310 = t - 2*p. Is t prime?
True
Let a(v) = -115*v - 4. Let c